r of 22 and s.
11
Let s = -4 - 1. Let r be (-118)/s + (-4)/(-10). Let m be ((-36)/54)/((1/90)/(-1)). What is the greatest common factor of r and m?
12
Suppose -21*g + 13*g = -96. Let i be (6*1)/(1/18). What is the greatest common factor of i and g?
12
Let s = -209 + 221. What is the highest common factor of s and 204?
12
Suppose 2*v + 4*b = 68, -3*v = -v - 4*b - 100. Let j = -35 + v. Calculate the highest common divisor of j and 70.
7
Let n be 4/(-20) - (-2)/10. Suppose 0*f + 3*f + 72 = n. Let o = -12 - f. What is the highest common divisor of o and 2?
2
Let k = 137 - 129. What is the greatest common factor of 68 and k?
4
Let u be (-528)/(-24)*(-3)/2. Let n = 43 + u. What is the highest common divisor of n and 10?
10
Suppose 572 - 47 = 5*p. Suppose 26*n = 23*n + p. What is the greatest common divisor of 385 and n?
35
Let n = 2387 - 2107. What is the greatest common divisor of 245 and n?
35
Let h be (-8)/(-52) + (1 - (-5220)/39). Suppose z - 89 = -r, 0*z + 2*z + 5*r - 175 = 0. What is the greatest common divisor of h and z?
45
Let h = -142 + 233. Let x be 494/h - 3/7. Suppose -i - 364 = -x*k - 2*i, -2*i - 280 = -4*k. Calculate the highest common factor of 48 and k.
24
Suppose 5*r - 23 = -3. Suppose -5*x + 18 = r*o - 5*o, -o + 2*x = 3. Let p be (-4)/(-14) - (-235)/35. Calculate the highest common factor of o and p.
7
Let c = 212 + 876. What is the greatest common factor of c and 17?
17
Let f be (-13496)/(-420) - 4/30. Calculate the highest common divisor of 104 and f.
8
Let j = 36 - 25. Suppose 3*s - 3*f = -s + 24, s - 5*f + j = 0. Suppose 0*r - 3*r = -18. What is the highest common divisor of r and s?
3
Suppose -5*h + 190 = -4*s, 2*s = -3*h - 71 + 207. What is the highest common divisor of h and 1148?
14
Let o(w) = w**2 + w - 1. Let a be o(-2). Suppose 0 = 4*p - 5*g - 37, 3*g - 3 + 6 = 0. Calculate the greatest common factor of a and p.
1
Let r(u) = -u**3 + 6*u**2 - 5*u - 5. Let n be r(4). Let t(o) = -o + 5. Let v be t(6). Let y be (v - 1)*3/(-6). Calculate the greatest common divisor of y and n.
1
Let w be (-14538)/(-15) - (1 - -5)/30. Calculate the highest common divisor of w and 51.
51
Let u(g) = 3*g - 4. Let k be u(8). Suppose 3*q + m = 6*m + 100, 0 = 5*q + 2*m - 208. What is the highest common divisor of q and k?
20
Let p be 53/4 + 3/(-12). Let l(b) = 7*b**2 + 30*b + 112. Let h be l(-4). Calculate the greatest common divisor of p and h.
13
Let c = -1302 + 1328. What is the greatest common divisor of 221 and c?
13
Suppose 4*b = -5*q - 1320, 3*q + 3 + 9 = 0. Let t be (-8190)/b + 0 + (-2)/10. Calculate the highest common divisor of t and 5.
5
Let y(r) = r + 20. Let i be y(-7). Let m = i + -5. Suppose -112 = g - 3*g. Calculate the greatest common factor of m and g.
8
Let i = 15 - 9. Let a = i + -3. Suppose 7*w - a*w = 32. Calculate the greatest common factor of w and 20.
4
Let r be ((-1044)/(-2))/6 - -4. What is the highest common divisor of r and 104?
13
Let j be (24/5)/(6/20). Let q(y) = 68*y - 960. Let t be q(16). Calculate the greatest common factor of j and t.
16
Let u be (-1 - -2) + -1 + 8. Let v(c) = c**2 - 5*c + 40. Let m be v(0). Calculate the highest common divisor of u and m.
8
Suppose 2*h - 4*v = 26, 24 = 3*h + v - 22. Calculate the greatest common divisor of h and 27.
3
Let f be ((-132)/(-8))/(33/220). What is the highest common divisor of 10 and f?
10
Let x(p) = -p**2 - 11*p + 44. Let i be x(-11). Calculate the greatest common factor of i and 99.
11
Suppose 0 = 12*q - 3323 + 131. Let a(b) = 2*b**2 + 3*b - 6. Let t be a(4). What is the greatest common divisor of q and t?
38
Let q(l) = -l**2 + 39*l + 459. Let c be q(48). Let g be (-540)/(-5) - (0 + 0). Calculate the highest common divisor of g and c.
27
Let d be (2/2)/(2/14). Suppose -1865 = -16*w - 1641. Calculate the greatest common factor of w and d.
7
Let z(c) = -4*c - 3. Let h be z(-3). Suppose 2*q + h*q = 935. Let r = -1 - -18. Calculate the highest common divisor of q and r.
17
Suppose 4*s - 5*i - 68 = 0, -5*s - i - i = -118. Suppose s*w - 133 = 21*w. Calculate the greatest common divisor of 19 and w.
19
Let h = 275 - 176. Let m be 36/(1 - -1)*h/66. Calculate the greatest common divisor of m and 18.
9
Suppose 0 = 2*u + 10 - 38. What is the greatest common divisor of u and 252?
14
Suppose 0 = 43*u - 178 - 338. Let f = 0 - -32. Calculate the highest common factor of f and u.
4
Suppose -2*n + 5*v = 3*n - 65, 82 = 4*n + 2*v. Let r = 84 - n. What is the greatest common factor of 22 and r?
22
Suppose 0*r = r - 40. Let m(t) = 2*t**2 - 11*t + 10. Let l be m(10). Calculate the greatest common divisor of r and l.
20
Suppose -8*a + 25 = 1. Suppose 6*f - 4*f - 16 = -a*c, f - 2*c = 8. What is the greatest common divisor of f and 56?
8
Let h(r) = 25*r - 87. Let o be h(17). What is the greatest common factor of o and 52?
26
Let l(p) = -p**2 + 12*p + 11. Suppose -5*q + 20 = -3*q. Let h be l(q). Let i = -22 + h. Calculate the highest common factor of 6 and i.
3
Let c(z) = 9*z**2 - 35*z - 29. Let n be c(11). What is the greatest common divisor of 150 and n?
75
Let u(o) = 83*o**3 - 8*o**2 - 8*o + 21. Let z be u(2). What is the greatest common divisor of z and 364?
91
Let r be 25/2*64/10. Let v(d) = d**2 - 7*d. Let b be v(8). Calculate the greatest common factor of r and b.
8
Suppose -m - 3*v + 65 = 0, 130 = 2*m + 3*v + 2*v. What is the highest common divisor of m and 91?
13
Suppose -2*d + 100 = -w, 0 = 3*d - 0*w - w - 152. Let v be 2/((6/(-26))/((-174)/116)). Calculate the highest common factor of d and v.
13
Let t = -149 + 230. Suppose 3 = -5*k + 2*k, 0 = -c + 3*k + t. What is the highest common divisor of 39 and c?
39
Suppose -3570 = 260*u - 270*u. What is the greatest common factor of u and 63?
21
Suppose 2*b - 60 = 5*b + 3*p, -5*b - 72 = -2*p. Let k = b + 33. Calculate the highest common factor of 68 and k.
17
Suppose -3*f + 4*f - 3 = -2*v, f = 4*v - 3. Let y be 114/(5 + f) + 4. What is the highest common factor of 69 and y?
23
Suppose 6 - 48 = 3*d. Let s be (-2)/7 + (-452)/d. Let p be 1*8*(-2)/(-4). Calculate the greatest common factor of s and p.
4
Let i be (7/(-4))/((-2)/(-128)). Let k be (i/(-2 + -2))/(-1). Let o be (-14)/k - 21/(-2). What is the highest common factor of o and 55?
11
Suppose -5*s - 2*w - 849 = -5*w, -3*w - 831 = 5*s. Let p be (36/(-14))/(6/s). What is the greatest common divisor of 48 and p?
24
Let a = -1844 + 2634. Calculate the highest common factor of 10 and a.
10
Suppose -3*v - f = 3*f - 29, 5*v - 2*f - 31 = 0. Let p be 1/v - (-452)/(-28). Let h = 24 - p. Calculate the greatest common divisor of 8 and h.
8
Let h(w) = 12*w**2 - w + 11. Let q be h(-4). What is the greatest common divisor of 9 and q?
9
Suppose -4*o + 225 = o. Let k be (-12)/(-10)*(-800)/(-64). Calculate the greatest common factor of o and k.
15
Let c(n) = 9*n + 359. Let l be c(-36). Suppose 0 = -5*u + 1116 + 809. What is the highest common divisor of l and u?
35
Let y be 1285/3 + (-4)/(-6)*1. Calculate the highest common factor of 33 and y.
33
Let p = -68 + 125. What is the highest common divisor of 304 and p?
19
Let x(f) = f**2 - 3*f + 2. Let u be x(5). Suppose 29*i - u = 26*i. Let c = 3 - 1. Calculate the greatest common divisor of c and i.
2
Let r(m) = 13*m + 8. Suppose 8*i - 9 = 7*i. Let b be r(i). What is the highest common divisor of b and 25?
25
Suppose 0 = 5*o - 4*o - 7. Let x = -2 - o. Let z(w) = -30*w + 2. Let k be z(x). What is the highest common factor of 34 and k?
34
Let t = -5 + 11. Let p(u) = 2*u**2 - 9*u + 13. Let o be p(2). Suppose o*a + 3*b - 190 = b, a - b = 70. What is the greatest common factor of t and a?
6
Let r(m) = 6*m**2 + 7*m + 2. Let x be r(5). Let b(u) = 2*u**3 + u**2 - 2*u + 1. Let f = 193 - 191. Let a be b(f). What is the highest common factor of x and a?
17
Suppose -j - 3*m - 5 = -2, -m = 3*j - 31. Calculate the highest common divisor of 153 and j.
3
Let n(h) = -h**2 - 7*h + 8. Let q be n(-8). Suppose 3*m = 0, q*m - m = -4*x + 396. Calculate the highest common factor of x and 11.
11
Let k be 4047/(-15) - (-1)/(-5). Let c(v) = -v**3 + v + 6. Let j be c(0). Let f be (j/(-15))/(3/k). What is the highest common factor of f and 4?
4
Suppose 2*y = 2*u, -2*u + 2 = -y - 1. Suppose -476 = -u*h - 4*h. What is the highest common factor of 17 and h?
17
Suppose 30*g + 1 = 29*g.